{"id":113,"date":"2022-09-30T07:11:21","date_gmt":"2022-09-30T07:11:21","guid":{"rendered":"https:\/\/www.savoserdves.lt\/?page_id=113"},"modified":"2023-10-26T14:57:26","modified_gmt":"2023-10-26T14:57:26","slug":"parama","status":"publish","type":"page","link":"https:\/\/www.savoserdves.lt\/?page_id=113","title":{"rendered":"Parama"},"content":{"rendered":"\n<p class=\"has-text-align-center\">Asociacija yra nevyriausybin\u0117 organizacija,\u00a0turinti\u00a0paramos gav\u0117jo status\u0105, tod\u0117l jos veiklas galite paremti skirdami\u00a0savo 1,2%\u00a0 gyventoj\u0173\u00a0pajam\u0173 mokes\u010dio arba atlik\u0119 bankin\u012f pavedim\u0105.<br><br>Paramos gav\u0117jo kodas: 301526846<br>Klubo\u00a0bankas\u00a0Panev\u0117\u017eio kredito unija,\u00a0banko kodas\u00a050110<br>atsiskaitomosios s\u0105skaitos numeris\u00a0LT21 5011 0000 1400 1279.<\/p>\n\n\n\n<p class=\"has-text-align-center\">\u200bGautos l\u0117\u0161os skiriamos rezidencijos i\u0161laikymui bei nauj\u0173, bendruomen\u0119 telkian\u010di\u0173 projekt\u0173 \u012fgyvendinimui.<br><br>A\u010di\u016b!<\/p>\n\n\n\n<figure class=\"wp-block-image size-full\"><img decoding=\"async\" loading=\"lazy\" width=\"750\" height=\"500\" src=\"https:\/\/www.savoserdves.lt\/wp-content\/uploads\/2022\/09\/1-0420.webp\" alt=\"\" class=\"wp-image-116\" srcset=\"https:\/\/www.savoserdves.lt\/wp-content\/uploads\/2022\/09\/1-0420.webp 750w, https:\/\/www.savoserdves.lt\/wp-content\/uploads\/2022\/09\/1-0420-300x200.webp 300w, https:\/\/www.savoserdves.lt\/wp-content\/uploads\/2022\/09\/1-0420-624x416.webp 624w\" sizes=\"(max-width: 750px) 100vw, 750px\" \/><figcaption>Sav\u0173 erdvi\u0173 rezidencija. \u0160auk\u0161t\u0173 siena<\/figcaption><\/figure>\n","protected":false},"excerpt":{"rendered":"<p>Asociacija yra nevyriausybin\u0117 organizacija,\u00a0turinti\u00a0paramos gav\u0117jo status\u0105, tod\u0117l jos veiklas galite paremti skirdami\u00a0savo 1,2%\u00a0 gyventoj\u0173\u00a0pajam\u0173 mokes\u010dio arba atlik\u0119 bankin\u012f pavedim\u0105. Paramos gav\u0117jo kodas: 301526846Klubo\u00a0bankas\u00a0Panev\u0117\u017eio kredito unija,\u00a0banko kodas\u00a050110atsiskaitomosios s\u0105skaitos numeris\u00a0LT21 5011 0000 1400 1279. \u200bGautos l\u0117\u0161os skiriamos rezidencijos i\u0161laikymui bei nauj\u0173, bendruomen\u0119 telkian\u010di\u0173 projekt\u0173 \u012fgyvendinimui. A\u010di\u016b!<\/p>\n","protected":false},"author":1,"featured_media":0,"parent":0,"menu_order":0,"comment_status":"closed","ping_status":"closed","template":"","meta":{"footnotes":""},"_links":{"self":[{"href":"https:\/\/www.savoserdves.lt\/index.php?rest_route=\/wp\/v2\/pages\/113"}],"collection":[{"href":"https:\/\/www.savoserdves.lt\/index.php?rest_route=\/wp\/v2\/pages"}],"about":[{"href":"https:\/\/www.savoserdves.lt\/index.php?rest_route=\/wp\/v2\/types\/page"}],"author":[{"embeddable":true,"href":"https:\/\/www.savoserdves.lt\/index.php?rest_route=\/wp\/v2\/users\/1"}],"replies":[{"embeddable":true,"href":"https:\/\/www.savoserdves.lt\/index.php?rest_route=%2Fwp%2Fv2%2Fcomments&post=113"}],"version-history":[{"count":3,"href":"https:\/\/www.savoserdves.lt\/index.php?rest_route=\/wp\/v2\/pages\/113\/revisions"}],"predecessor-version":[{"id":615,"href":"https:\/\/www.savoserdves.lt\/index.php?rest_route=\/wp\/v2\/pages\/113\/revisions\/615"}],"wp:attachment":[{"href":"https:\/\/www.savoserdves.lt\/index.php?rest_route=%2Fwp%2Fv2%2Fmedia&parent=113"}],"curies":[{"name":"wp","href":"https:\/\/api.w.org\/{rel}","templated":true}]}}